{"id":11,"date":"2011-03-09T17:20:37","date_gmt":"2011-03-09T16:20:37","guid":{"rendered":"http:\/\/holegballon51.hu\/?page_id=11"},"modified":"2025-07-09T07:43:50","modified_gmt":"2025-07-09T07:43:50","slug":"setarepules","status":"publish","type":"page","link":"https:\/\/holegballon51.hu\/?page_id=11","title":{"rendered":"S\u00e9tarep\u00fcl\u00e9s"},"content":{"rendered":"<p>Magyarorsz\u00e1g l\u00e9gter\u00e9ben szinte b\u00e1rhol v\u00e9gz\u00fcnk felsz\u00e1ll\u00e1sokat eg\u00e9sz \u00e9vben, ha az id\u0151j\u00e1r\u00e1s is alkalmass\u00e1 teszi a rep\u00fcl\u00e9st.<br \/>\nCsapatunk egyik kedvelt ter\u00fclete Sopron \u00e9s k\u00f6rny\u00e9ke.<br \/>\nEgyszerre a pil\u00f3t\u00e1n k\u00edv\u00fcl 2-3 \u00e9rdekl\u0151d\u0151 rep\u00fclhet, de ha t\u00f6bb szem\u00e9lyre van ig\u00e9ny, term\u00e9szetesen az is megoldhat\u00f3 pil\u00f3tat\u00e1rsaink seg\u00edts\u00e9g\u00e9vel.<br \/>\nMaga a rep\u00fcl\u00e9s 1-1,5 \u00f3ra, de az oda-vissza utaz\u00e1s, valamint a ballon ki-, illetve becsomagol\u00e1sa k\u00fcl\u00f6n id\u0151t ig\u00e9nyel, ami k\u00f6r\u00fclbel\u00fcl tov\u00e1bbi 20 perc.<br \/>\nA rep\u00fcl\u00e9s ut\u00e1n els\u0151 ballonos utasaink r\u00e9sz\u00e9re tartunk egy n\u00e9h\u00e1ny perces avat\u00e1si cerem\u00f3ni\u00e1t, valamint kapnak egy eml\u00e9klapot els\u0151 ballonos rep\u00fcl\u00e9s\u00fck tisztelet\u00e9re.<br \/>\nTeh\u00e1t mindent \u00f6sszevetve, egy kellemes f\u00e9lnapos kikapcsol\u00f3d\u00e1st, sz\u00f3rakoz\u00e1st \u00e9s l\u00e9gi t\u00far\u00e1t biztos\u00edtunk a rep\u00fcl\u00e9st szeret\u0151knek.<\/p>\n<p>Gyakran felmer\u00fcl\u0151 k\u00e9rd\u00e9s,hogy mibe \u00f6lt\u00f6zzenek utasaink? Mivel a rep\u00fcl\u00e9s is a szabadban zajlik, \u00edgy olyan, mintha kir\u00e1ndulni induln\u00e1nk. Fontos:<\/p>\n<ul>\n<li>a k\u00e9nyelmes cip\u0151,<\/li>\n<li>nadr\u00e1g,<\/li>\n<li>\u00e9s nem \u00e1rt ha k\u00e9zn\u00e9l van egy melegebb fels\u0151 r\u00e9sz is, \/lehet\u0151leg NE m\u0171sz\u00e1las\/<\/li>\n<li>valamint egy kis \u00fatraval\u00f3, hisz t\u00f6bb \u00f3r\u00e1s programr\u00f3l van sz\u00f3.<\/li>\n<\/ul>\n<p>Amit semmi esetre se felejtsen otthon, az a f\u00e9nyk\u00e9pez\u0151g\u00e9pe, kamer\u00e1ja, hiszen a leveg\u0151b\u0151l szabadon szeml\u00e9lni a vil\u00e1got, mindenk\u00e9ppen meg\u00f6r\u00f6k\u00edtend\u0151 esem\u00e9ny, \u00e9s k\u00f6nnyebb kedvet csin\u00e1lni a b\u00e1tortalanabb rokonoknak, ismer\u0151s\u00f6knek is, n\u00e9h\u00e1ny j\u00f3l siker\u00fclt felv\u00e9tel seg\u00edts\u00e9g\u00e9vel.<\/p>\n<p>A REP\u00dcL\u00c9S, MINT K\u00dcL\u00d6NLEGES AJ\u00c1ND\u00c9K:<\/p>\n<p>Lepje meg \u00d6n is csal\u00e1dj\u00e1t, bar\u00e1tait, \u00fczleti partnereit egy h\u0151l\u00e9gballon rep\u00fcl\u00e9ssel, melyet el\u0151zetes ig\u00e9nyl\u00e9s alapj\u00e1n, aj\u00e1nd\u00e9k utalv\u00e1ny form\u00e1j\u00e1ban biztos\u00edtunk.<br \/>\nAz utalv\u00e1ny 1 \u00e9vig \u00e9rv\u00e9nyes, ezen bel\u00fcl b\u00e1rmikor felhaszn\u00e1lhat\u00f3.<\/p>\n<p>Tov\u00e1bbi inform\u00e1ci\u00f3, illetve utalv\u00e1ny ig\u00e9nyl\u00e9s: Kardos Mikl\u00f3s<br \/>\nTel.: +36-20-777-9086<br \/>\nE-mail: ballon51 (kukac) t-online (pont) hu<\/p>\n","protected":false},"excerpt":{"rendered":"<p>Magyarorsz\u00e1g l\u00e9gter\u00e9ben szinte b\u00e1rhol v\u00e9gz\u00fcnk felsz\u00e1ll\u00e1sokat eg\u00e9sz \u00e9vben, ha az id\u0151j\u00e1r\u00e1s is alkalmass\u00e1 teszi a rep\u00fcl\u00e9st. Csapatunk egyik kedvelt ter\u00fclete Sopron \u00e9s k\u00f6rny\u00e9ke. Egyszerre a pil\u00f3t\u00e1n k\u00edv\u00fcl 2-3 \u00e9rdekl\u0151d\u0151 rep\u00fclhet, de ha t\u00f6bb szem\u00e9lyre van ig\u00e9ny, term\u00e9szetesen az is megoldhat\u00f3 pil\u00f3tat\u00e1rsaink seg\u00edts\u00e9g\u00e9vel. Maga a rep\u00fcl\u00e9s 1-1,5 \u00f3ra, de az oda-vissza utaz\u00e1s, valamint a ballon ki-, [&hellip;]<\/p>\n","protected":false},"author":1,"featured_media":0,"parent":0,"menu_order":3,"comment_status":"closed","ping_status":"closed","template":"","meta":[],"_links":{"self":[{"href":"https:\/\/holegballon51.hu\/index.php?rest_route=\/wp\/v2\/pages\/11"}],"collection":[{"href":"https:\/\/holegballon51.hu\/index.php?rest_route=\/wp\/v2\/pages"}],"about":[{"href":"https:\/\/holegballon51.hu\/index.php?rest_route=\/wp\/v2\/types\/page"}],"author":[{"embeddable":true,"href":"https:\/\/holegballon51.hu\/index.php?rest_route=\/wp\/v2\/users\/1"}],"replies":[{"embeddable":true,"href":"https:\/\/holegballon51.hu\/index.php?rest_route=%2Fwp%2Fv2%2Fcomments&post=11"}],"version-history":[{"count":1,"href":"https:\/\/holegballon51.hu\/index.php?rest_route=\/wp\/v2\/pages\/11\/revisions"}],"predecessor-version":[{"id":102,"href":"https:\/\/holegballon51.hu\/index.php?rest_route=\/wp\/v2\/pages\/11\/revisions\/102"}],"wp:attachment":[{"href":"https:\/\/holegballon51.hu\/index.php?rest_route=%2Fwp%2Fv2%2Fmedia&parent=11"}],"curies":[{"name":"wp","href":"https:\/\/api.w.org\/{rel}","templated":true}]}}